{"id":77,"date":"2020-12-05T09:50:10","date_gmt":"2020-12-05T08:50:10","guid":{"rendered":"https:\/\/www.codexplo.ch\/?page_id=77"},"modified":"2023-01-06T15:21:11","modified_gmt":"2023-01-06T14:21:11","slug":"a-propos-de-codexplo","status":"publish","type":"page","link":"https:\/\/www.codexplo.ch\/?page_id=77","title":{"rendered":"A propos de Codexplo"},"content":{"rendered":"<p><\/p>\n<div class=\"entry-content\">\n<p>Codexplo permet la recherche des articles dans les grands commentaires du CC et du CO, notamment :<\/p>\n<ul>\n<li>Basler Kommentar<\/li>\n<li>Berner Kommentar<\/li>\n<li>Commentaire romand<\/li>\n<li>Z\u00fcrcher Kommentar<\/li>\n<\/ul>\n<p>Il est donc finalement possible d\u2019identifier avec seulement quelques clics les tomes qui commentent un article donn\u00e9.<\/p>\n<p>La liste des r\u00e9sultats est tri\u00e9e par collection et ensuite par date de publication (de la plus r\u00e9cente \u00e0 la plus ancienne) et est pr\u00e9c\u00e9d\u00e9e par un lien \u00e0 l\u2019article de loi recherch\u00e9.<\/p>\n<p>La version 3.x de Codexplo propose ensuite, pour chaque r\u00e9sultat, un lien aux notices bibliographiques correspondantes dans swisscovery, Helveticat, Renouvaud et RERO+, \u00e0 partir desquelles on peut remonter jusqu\u2019aux exemplaires disponibles dans les diff\u00e9rentes institutions affili\u00e9es.<\/p>\n<p>D\u00e8s la version 3.2, les listes des commentaires les plus r\u00e9cents pour chaque article sont \u00e9galement propos\u00e9es pour le Berner et le Z\u00fcrcher Kommentar.<\/p>\n<p>Codexplo a \u00e9t\u00e9 con\u00e7u et d\u00e9velopp\u00e9 par Dimitri Donz\u00e9 de la biblioth\u00e8que de droit de l\u2019Universit\u00e9 de Gen\u00e8ve.<\/p>\n<p>L\u2019outil est toujours mis \u00e0 jour, selon deux modalit\u00e9s distinctes :<\/p>\n<ul>\n<li>en continu, en nous basant sur le fichier transmis par nos coll\u00e8gues du Tribunal f\u00e9d\u00e9ral<\/li>\n<li>deux fois par ann\u00e9e, en comparant les \u00e9ditions r\u00e9centes signal\u00e9es dans swisscovery avec les informations pr\u00e9sentes dans Codexplo.<\/li>\n<\/ul>\n<p>Equipe de projet\u00a0:<\/p>\n<ul>\n<li>Dimitri Donz\u00e9 (Biblioth\u00e8que de l&rsquo;Universit\u00e9 de Gen\u00e8ve)<\/li>\n<li>Michele Baccherassi (Institut suisse de droit compar\u00e9, Biblioth\u00e8que de l\u2019Office f\u00e9d\u00e9ral de la justice)<\/li>\n<li>St\u00e9phane Givkovic (Biblioth\u00e8que du Pouvoir judiciaire de Gen\u00e8ve)<\/li>\n<\/ul>\n<p>Anciens membres de l&rsquo;\u00e9quipe de projet\u00a0:<\/p>\n<ul>\n<li>Boris Beer (Institut suisse de droit compar\u00e9)<\/li>\n<li>Christelle Weibel (Tribunal administratif f\u00e9d\u00e9ral, ensuite Biblioth\u00e8que am Guisanplatz)<\/li>\n<\/ul>\n<p><a href=\"https:\/\/www.codexplo.ch\/?page_id=161\">Retour \u00e0 Codexplo<\/a><\/p>\n<\/div>\n<p><\/p>","protected":false},"excerpt":{"rendered":"<p>Codexplo permet la recherche des articles dans les grands commentaires du CC et du CO, notamment : Basler Kommentar Berner Kommentar Commentaire romand Z\u00fcrcher Kommentar Il est donc finalement possible d\u2019identifier avec seulement quelques clics les tomes qui commentent un article donn\u00e9. La liste des r\u00e9sultats est tri\u00e9e par collection et ensuite par date de publication (de la plus r\u00e9cente \u00e0 la plus ancienne) et [&hellip;]<\/p>\n","protected":false},"author":1,"featured_media":0,"parent":0,"menu_order":2,"comment_status":"closed","ping_status":"closed","template":"","meta":{"footnotes":""},"class_list":["post-77","page","type-page","status-publish","hentry"],"_links":{"self":[{"href":"https:\/\/www.codexplo.ch\/index.php?rest_route=\/wp\/v2\/pages\/77","targetHints":{"allow":["GET"]}}],"collection":[{"href":"https:\/\/www.codexplo.ch\/index.php?rest_route=\/wp\/v2\/pages"}],"about":[{"href":"https:\/\/www.codexplo.ch\/index.php?rest_route=\/wp\/v2\/types\/page"}],"author":[{"embeddable":true,"href":"https:\/\/www.codexplo.ch\/index.php?rest_route=\/wp\/v2\/users\/1"}],"replies":[{"embeddable":true,"href":"https:\/\/www.codexplo.ch\/index.php?rest_route=%2Fwp%2Fv2%2Fcomments&post=77"}],"version-history":[{"count":13,"href":"https:\/\/www.codexplo.ch\/index.php?rest_route=\/wp\/v2\/pages\/77\/revisions"}],"predecessor-version":[{"id":223,"href":"https:\/\/www.codexplo.ch\/index.php?rest_route=\/wp\/v2\/pages\/77\/revisions\/223"}],"wp:attachment":[{"href":"https:\/\/www.codexplo.ch\/index.php?rest_route=%2Fwp%2Fv2%2Fmedia&parent=77"}],"curies":[{"name":"wp","href":"https:\/\/api.w.org\/{rel}","templated":true}]}}